s of 33/m*18*3?
2, 3, 11
Suppose -225 = 40*j - 25. What are the prime factors of 890 + (13 - (j - -9))?
29, 31
Let k = 12254 - 9416. List the prime factors of k.
2, 3, 11, 43
Let q(c) = -3*c**2 + 15*c - 12. Let j be q(6). List the prime factors of j/(2/7 + 495/(-1365)).
2, 3, 5, 13
Suppose -1326 = -0*m - 2*m. Suppose -12*c + 57 + m = 0. List the prime factors of c.
2, 3, 5
Suppose a = 2*t + 4, 2*t = -10 - 0. Let o = a + 396. What are the prime factors of o?
2, 3, 5, 13
Let k(h) = 3*h**3 + 14*h**2 - 4*h + 7. Let r be k(-5). Suppose -5*u + 1222 = 3*n, r*u + 3*n - 156 - 331 = 0. What are the prime factors of u?
5, 7
Let x(j) = 5*j + 14. Let h(i) = -8*i - 30. Let k(u) = 3*h(u) + 7*x(u). Suppose -54 - 26 = -5*y. What are the prime factors of k(y)?
2, 23
Let q be (-267)/(-5) - 30/75. Suppose -5*y - q = -2*p, 2*p + y - 14 - 33 = 0. List the prime factors of p.
2, 3
Let u(o) = 18*o**2 - 11*o - 261. What are the prime factors of u(-17)?
2, 641
Let v = 38 - 31. Let a be v - (3 + (-1)/2*2). Suppose -5*c + 4*d = -156, -165 = -2*c - 3*c - a*d. What are the prime factors of c?
2
Let g = -90 - -150. Let p = g - 58. Suppose p*a - 3*n + 3 = 61, 2*a = -2*n + 68. What are the prime factors of a?
2
Let d(g) = g**2 - 18*g + 32. Let p be d(16). Suppose -9*x + 2133 + 1035 = p. List the prime factors of x.
2, 11
What are the prime factors of (-8)/(-64)*32*(0 + (-1433)/(-4))?
1433
Let k be (1/(-4) - (-23)/12)*3. Suppose -28*v = -k*v - 30383. What are the prime factors of v?
1321
What are the prime factors of 3108879/279*1 + 12/186?
11, 1013
Let f = 193 - 158. Suppose 3*d = 5*w - 10*w - 48, 0 = 2*d - 2*w + 48. Let c = f - d. List the prime factors of c.
2, 7
Suppose 4*f - 6 = -26. Let d = f - -9. Suppose -m = 4*k - 4, -d*k = 9*m - 13*m + 116. What are the prime factors of m?
2, 3
Suppose q - 1558 + 111 = 0. Let r = q + -925. What are the prime factors of r?
2, 3, 29
Suppose -14 = -0*i - 5*i + 2*w, 3*i - 5*w - 16 = 0. Let s be (i + (-2)/1)/(-2). What are the prime factors of (-2 + s)/(-1)*(-35)/(-14)?
5
Let t(v) = -374*v**3 + v**2 - v - 1. Suppose 0 = -3*j + 7*j + 4. What are the prime factors of t(j)?
3, 5
Let k(v) = 2*v**3 - 3*v**2 - 27*v + 3. Let y be k(-3). Suppose 141 = a + 2*f, y*f = -2*a + 7*f + 282. What are the prime factors of a?
3, 47
Let r = 56113 + -35210. What are the prime factors of r?
20903
Suppose -t - 567 = 4*g - 2798, 0 = 2*g - 3*t - 1105. What are the prime factors of g?
557
Let p = 24 + -23. What are the prime factors of p/((-2)/(-12)*(-1)/(-106))?
2, 3, 53
Suppose 96*u = 198*u - 91*u - 122804. What are the prime factors of u?
2, 2791
Suppose -4 - 18 = -4*f - 3*v, 3*f - 4*v - 4 = 0. Suppose 38 = -4*a - 2*m, -f*a + 2*a - 4 = -4*m. What are the prime factors of -93*(a/6 - 12/(-36))?
3, 31
What are the prime factors of ((-12842)/(-5))/(99/495)?
2, 6421
Suppose -2*h + 42 = 2*f, 0*f + 2*f + 3*h = 43. Let o be 1*f*(-65)/52. Let q = 27 + o. What are the prime factors of q?
2
Let k(d) = -d**3 - 20*d**2 - 12*d + 3. Let p be ((-2)/6)/((-12)/(-684)). Let f be k(p). List the prime factors of ((-11)/11)/(2/f).
5, 13
Let x(y) = -30*y - 5. List the prime factors of x(-14).
5, 83
Let g = -539 - -693. Suppose g*z = 149*z + 975. List the prime factors of z.
3, 5, 13
Suppose -18*o = -13*o - r + 21, 4*r = -o. List the prime factors of (-11)/(-22) + (-1650)/o.
7, 59
Let i(a) = -323*a - 667. List the prime factors of i(-19).
2, 5, 547
Suppose -12*z + 23 = -25. What are the prime factors of ((-5)/z)/((5/476)/(-5))?
5, 7, 17
Let y be (-5)/((-110)/(-4)) - (-864)/33. Suppose 14*c = y + 954. List the prime factors of (-4)/(-2) + (-4 - -1) + c.
3, 23
Suppose 12*f - 7*f = -125. What are the prime factors of (-3330)/(-25) + 5/f?
7, 19
Let p(z) = -2*z**3 - 5*z**2 - 4*z - 3. Suppose 3 + 3 = -2*f. Let k be p(f). Suppose -k*m = -19*m + 119. What are the prime factors of m?
7, 17
Let v be 270*(-3 + (-14)/(-6)). Let a = v + 270. What are the prime factors of a?
2, 3, 5
Suppose -24 = 47*j - 50*j - 2*y, -4*y + 6 = -j. Suppose j*z + 949 = 2773. List the prime factors of z.
2, 19
Let y(g) = -3. Let d(a) = a - 1. Let f(s) = -3*d(s) - y(s). Let q be f(2). Suppose -2*b + 9 + 59 = q. What are the prime factors of b?
2, 17
Suppose m = 5*l + 14, -m - 3*l - 6 = 2*l. Suppose -8 = m*s, 0 = -2*t - 8*s + 4*s + 824. What are the prime factors of t?
2, 13
Let c be (946/(-8))/((-23)/(-92)). Let y = c - -786. What are the prime factors of y?
313
List the prime factors of (-115617)/(-27) - 20/180.
2, 2141
Let m(o) = -13*o - 41. Let x be m(-2). List the prime factors of ((-18)/x)/(5 + (-4549)/910).
2, 3, 7, 13
Let a = -1974 - -5069. What are the prime factors of a?
5, 619
Let m(h) = 64*h**2 - 4*h - 88. What are the prime factors of m(17)?
2, 5, 7, 131
Let v be (682/3)/((-38)/(-171)). Let g = v - 573. List the prime factors of g.
2, 3, 5
Let c(r) = 3114*r**2 + 4*r - 3. What are the prime factors of c(2)?
17, 733
Let v = 34426 + 5138. List the prime factors of v.
2, 3, 7, 157
Let q(t) = -t**3 + 81*t**2 + 113*t + 251. List the prime factors of q(81).
2, 2351
Let y be 8/(-20) + 32/5. Suppose 0 = 4*o + y - 14. Suppose 0*l + 3*l - 130 = -o*x, 5*l + x = 219. What are the prime factors of l?
2, 11
Suppose 7 = 3*u - m, 3*m = u + 5*m. Suppose 1051*b - 256 = 1049*b. Suppose 22 = f + u*p, -f - 4*f + b = p. List the prime factors of f.
2, 13
Let b(p) = 165*p**3 + 34*p**2 - 23*p + 11. What are the prime factors of b(5)?
7, 43, 71
Let p(s) = 2*s**3 - 9*s**2 - 7*s + 16. Let r be p(5). Suppose -r*t + 958 = -1154. List the prime factors of t.
2, 11
Let o be (2*16)/2*(-25)/50. What are the prime factors of 134 + o + 6 - 8?
2, 31
Let f = -40 - -37. List the prime factors of 240 - (-3 + 1 - f).
239
Let s(n) = 28*n**2 - 8*n + 12. Let q be s(4). Let m = 35 + q. List the prime factors of m.
463
Suppose 4*z = -2*c - 1904, 5*c + 3*z + 4754 = -z. Let y = -366 - c. Let a = y + -399. What are the prime factors of a?
5, 37
Suppose -6*q + 5*q + 4 = 0. Suppose -3*m - 5 = q*k, 0 = -m + 3*k - 6 - 0. List the prime factors of 2*10/((-33)/12 - m).
2, 5
Suppose 0 = -4*r + 9*r + q + 187, -3*q = -5*r - 199. Let m = 40 + r. List the prime factors of (-2)/6 + 1050/36*m.
2, 29
Let h be (-3)/2 - 275/2. Let m = h - -355. List the prime factors of m.
2, 3
Let o = -4262 - -7242. List the prime factors of o.
2, 5, 149
List the prime factors of 2/1 + (-33)/(1419/(-363221)).
7, 17, 71
Suppose -2*h + 1215 = -2361. Suppose x + 303 = -2*o + 761, -4*x + 3*o = -h. List the prime factors of x.
2, 3, 5
Suppose 6*n = 12*n - 12. Suppose 3*r - n*r - 201 = 5*s, -5*r = -5*s - 1005. What are the prime factors of r?
3, 67
What are the prime factors of (-258 - -561)*(2 - (-26)/3)?
2, 101
Let m(c) = c**2 - 1. Let u be m(-2). Suppose 1534 = u*i - 1148. Suppose -i = -2*t - 4*t. What are the prime factors of t?
149
Suppose 0 = 3410*b - 3445*b + 226485. List the prime factors of b.
3, 719
Let r be (-4)/(-1*(-2)/18). Let v = r - -38. Suppose -5*x = 25, -v*d - d + x + 134 = 0. What are the prime factors of d?
43
Let b(g) = 3*g**3 + 288*g**2 - 35*g + 555. List the prime factors of b(-95).
5, 41, 151
Let x(y) = 2907*y - 990. List the prime factors of x(5).
3, 5, 7, 43
Let m(v) = 2*v**2 + v + 21*v - 2 - v**2 + 9. Let b be m(-18). Let o = b + 153. What are the prime factors of o?
2, 11
Let v = 16776 - 7046. What are the prime factors of v?
2, 5, 7, 139
Suppose -14*m + 32*m + 234 = 0. Let l(r) = -r**3 - 7*r**2 + 23*r + 52. What are the prime factors of l(m)?
13, 59
Let s(a) be the first derivative of 2*a**3/3 - 18*a**2 + 15. Let n be s(18). Suppose b + z = 61, 3*b + n*z = 5*z + 207. What are the prime factors of b?
2
Let z = -130 - -95. Let w(m) = m**3 + 34*m**2 - 37*m - 34. List the prime factors of w(z).
2, 3
Let q(v) be the third derivative of 13*v**5/30 + 5*v**4/24 - 9*v**3 + 9*v**2 - 1. List the prime factors of q(7).
5, 251
Suppose 22*s - 17*s = 40. Suppose 7*n - s - 27 = 0. Let t(q) = 6*q + 6. What are the prime factors of t(n)?
2, 3
Suppose -20 = -8*z + 3*z. Suppose -288 = -4*i - 4*y + 2808, -z*y = -2*i + 1566. What are the prime factors of i?
3, 7, 37
List the prime factors of 5/90 - (1 + (-597850)/36).
2, 19, 23
Suppose 5*c = j + j + 7263, -3*c + 4360 = j. Suppose c - 237 = 16*l. List the prime factors of l.
2, 19
Let b(f) be the third derivative of 67*f**5/60 - f